 -d**2/2 + 2*d - 3. Let w be x(1). Let z(o) = -5*o**3 - o**2 + o - 1. Determine z(w).
-6
Let q(u) be the second derivative of 0 - 1/6*u**3 + 5*u + 1/2*u**2. What is q(4)?
-3
Suppose 0*q - 4*q - 24 = -4*g, -3*g = -4*q - 18. Let u(t) = t**2 - 8*t + 5. Calculate u(g).
-7
Let t(v) = v**3 - v**2 + v + 2. Let h be (-2 + (-4)/6)*6/(-8). Determine t(h).
8
Let r(l) = -l + 1. Let q(j) = 6*j - 4. Let h(n) = q(n) + 3*r(n). What is h(-2)?
-7
Let a(p) be the third derivative of p**4/24 + p**3/3 + p**2. Let f be 12 - (0/3)/3. Suppose -4*l - 4 - f = 0. Give a(l).
-2
Let u(i) be the second derivative of i**5/20 - i**4/3 - i**3/6 + 3*i**2/2 + i. Let x be (-6 + 0)*2/(-3). Give u(x).
-1
Let j(f) = -f + 5. Suppose -5*w = 7*w - 60. Calculate j(w).
0
Let b(y) = 3*y**2 + y**3 + 4 - 7*y - 7*y**2 + 0*y**3. Let s(v) = -v**2 + 9*v - 3. Suppose 2*m = 5*m - 3*k - 9, 0 = -m + 4*k - 12. Let i be s(m). Determine b(i).
-6
Let k(u) = -u**2 - u. Let z(m) = -m - 10. Let o be z(-11). Calculate k(o).
-2
Let o = 0 - -2. Let v(t) = -t**3 + 8*t**2 - 6*t - 4. Let y be v(7). Let j(u) = y*u - 6*u**3 - 3 + u + 5*u**3. What is j(o)?
-3
Suppose 0 = -4*l + l - 21. Let m(q) = q - 5. Calculate m(l).
-12
Let n(k) be the third derivative of k**8/6720 - k**7/504 + k**6/144 + k**5/60 + k**4/12 + 2*k**2. Let c(h) be the second derivative of n(h). Calculate c(4).
6
Let i(x) be the first derivative of 1/360*x**6 - 2 - 1/120*x**5 + 0*x + 0*x**2 - 1/24*x**4 - x**3. Let a(k) be the third derivative of i(k). Determine a(-2).
5
Let u be (((-192)/(-14))/(-8))/(2/(-7)). Let q(p) be the first derivative of p**2/2 - 6*p + 2. What is q(u)?
0
Let w(p) = 2*p**2 + 2*p - 1. Suppose 4*n + 2 = 6. Give w(n).
3
Let a be 0 + (-6)/18 - (-4)/(-6). Let d(h) = -h**3 + 4*h**2 + 5. Let q(m) = -2*m**3 + 7*m**2 + 9. Let y(u) = -7*d(u) + 4*q(u). Determine y(a).
2
Let v(g) be the second derivative of g**4/6 - 5*g**3/6 + 3*g**2/2 + 18*g. Let a(c) = -c + 1. Let j be a(-2). Give v(j).
6
Let k(v) = -v**3 - v**2 + 2*v - 4. Let r be k(-3). Suppose 2*d + 2*d = r. Let y(f) = -3*f + 1. Give y(d).
-5
Let j(o) = -3*o**2 + o + 2. Let q(k) = 7*k**2 - 2*k - 5. Let f(s) = -5*j(s) - 2*q(s). Let x(i) = -i**2 + 11*i + 29. Let y be x(13). Calculate f(y).
6
Let r be 62/15 + 2/(-15). Let m = -3 - -5. Let i(a) = 3*a**2 - 5 + 3*a + a - 4*a**m. What is i(r)?
-5
Let b(s) be the third derivative of s**5/60 - s**3/6 - 13*s**2. What is b(3)?
8
Let p(z) = z - 3. Let i be (-1 + 2)*(-7 + 4). Let c(r) = -r**3 - 2*r**2 + r - 2. Let b be c(i). Give p(b).
1
Let p(j) = -j**3 + j**2 + 3*j - 2. Let k = -6 + 19. Suppose -5*u - 3 = -k. Calculate p(u).
0
Let j(o) = -o. Let b be (38/(-5))/1 + 24/40. Determine j(b).
7
Let n(v) = -v + 3*v + 1 + v**2 + 0 + 4*v. Suppose -4*x + 3 = 19. What is n(x)?
-7
Let b(k) = k**3 + 4*k**2 + 2*k - 2. Let c(a) be the first derivative of -2*a**3/3 - a**2/2 + 2*a + 2. Let g be c(-2). Give b(g).
-10
Let m(n) = 11*n + 39. Let i be m(-4). Let x(j) be the first derivative of j**4/4 + 4*j**3/3 - 5*j**2/2 + 3*j - 1. Calculate x(i).
3
Let w(m) = 5*m + 2*m**2 + 13 - 8*m**2 - 3*m**2. Let x(a) = -5*a**2 + 3*a + 7. Let z(s) = 4*w(s) - 7*x(s). Calculate z(-4).
-9
Suppose -4*x - 10 = 2. Let b = x + -2. Let y(p) = 4*p**2 + 0*p - 1 - 5*p - 2*p**3 + 3*p**3 + 6. Determine y(b).
5
Let y(g) = 7*g**2. Let b = -2 + 3. Determine y(b).
7
Let q(d) be the second derivative of d**4/4 - d**3/6 + d**2/2 - 4*d. Let l be q(1). Let g(m) = -5 + 1 + 1 + m. Give g(l).
0
Let d(u) = u**3 + u**2 + 5 - 2 - 5*u**2 - 2*u. Determine d(4).
-5
Let d(i) = -i**2 - 10*i - 3. Let r(y) = 1. Let z(v) = d(v) + 2*r(v). Determine z(-10).
-1
Let s(g) = g. Let y be (-190)/(-45) + 2/(-9). What is s(y)?
4
Let w(d) = -d**2 + 3*d + 7. Let s = -10 + 6. Let o = s - -9. Suppose -7 = -o*g + 18. What is w(g)?
-3
Suppose 0 + 3 = -3*h. Let p be (h - 5)*8/(-12). Let k(j) = -5 + 2*j - p - j. Determine k(4).
-5
Let f(x) = x**3 + 12*x**2 + 11*x + 2. Let y(w) = 4*w**3 + 49*w**2 + 45*w + 7. Let z(s) = 9*f(s) - 2*y(s). Let q be z(-9). Let p(c) = -2*c + 5. What is p(q)?
-3
Let v(n) = n**3 + 21*n**2 - 3 + 0*n**3 - 14*n**2. Calculate v(-7).
-3
Let s(q) be the second derivative of -q**3/3 + 5*q**2/2 + 4*q. Suppose 0 = -2*x + 3*x - 4. Determine s(x).
-3
Let t(a) = -3*a**3 + 7*a**2 - 2*a + 4. Let f(k) = 7*k**3 - 15*k**2 + 3*k - 7. Let q(d) = -2*f(d) - 5*t(d). Give q(4).
-6
Suppose 4*b + 3*o + 12 = 0, 2*b + 6 = -4*o - 0. Suppose 4*r + 25 = 5*u, -4*r - 6 = -2*u + 16. Let v be 6/(9/b) - r. Let w(h) = -h + 7. Calculate w(v).
4
Let h(v) = 2*v + 4. Let y be 5*4/(0 + 4). Calculate h(y).
14
Let c(n) = 5*n**3 - 5*n**2 + n + 5. Suppose -2*k = -4*k. Let y(z) = -2 - 2*z - 7 - 9*z**3 + 9*z**2 + k*z. Let f(d) = 11*c(d) + 6*y(d). Calculate f(0).
1
Let n(k) = 10*k**3 - k. Let o(q) = -q + 14. Let g be o(11). Suppose z + 17 = -5*y - 3*z, -8 = -y + g*z. What is n(y)?
-9
Let f(u) = -u**3 + 2*u**2 + 2*u + 1. Let h be 1/(-2 + 39/18). Let i be (4/6)/(1/(-3)). Let v be (-1)/i - (-15)/h. What is f(v)?
-2
Let m(g) = -14*g + 3 - 4*g + 19*g. Calculate m(-5).
-2
Let y(h) = h. Suppose -2*a - a + 4*z = -9, 4*z = -2*a - 14. Give y(a).
-1
Let b(f) = 4*f - 3. Let x be 5*(2 - 5)/(-3). Let w = x - 2. Determine b(w).
9
Let h(w) = 5*w - 2 - 2 + 0. Suppose -4*d + 28 = -5*t, 4 = -t - 0*t. Let m be 119/35 - d/5. Determine h(m).
11
Let m(z) = 8*z**2 + 5*z**2 + 3*z - 8*z**2 + 2*z**3 - z**3 + 1. Give m(-5).
-14
Suppose 1 = -3*z + 7. Let o be ((-6)/4)/((-6)/40). Let f(s) = -3 - o*s + 2 + z*s. What is f(-1)?
7
Let k(l) = -l - 4 + 7 - 7. Suppose 0 = -b - 2, 12 = -6*z + z + 4*b. Determine k(z).
0
Suppose -4*u = u. Let l be u*(-3)/(-6)*1. Let a(j) = -j - 12. What is a(l)?
-12
Let m = 3 - 0. Let o(l) = l**2 - 3*l - 3. What is o(m)?
-3
Let d(g) be the second derivative of g**4/12 + g**3/6 + 3*g. Suppose -2 = o + k + 1, 4*o - 3*k = 9. Determine d(o).
0
Let u(z) = z**3 + 2*z**3 - 6*z**3 + 6 - 7*z + 2*z**3 - 7*z**2. What is u(-6)?
12
Let h(n) = -n - 1. Let z(p) = p**3 + 5*p**2 - p - 1. Let o be z(-5). What is h(o)?
-5
Let b(t) = -49*t**2 - 14*t - 14. Let s(y) = 17*y**2 + 5*y + 5. Let n(h) = 6*b(h) + 17*s(h). What is n(-1)?
-5
Let v = 17 + -12. Let x(z) = -z + 1. Let i(d) = 7*d - 4. Let o(j) = v*x(j) + i(j). Calculate o(2).
5
Let r be (-3)/(-1)*2/3. Let l(n) = n**r - 20 - n**3 + 8 + n + n**2 + 8. Give l(3).
-10
Let o(b) = -b**2 + 4*b + 4. Let x be -2*15/10 + 8. What is o(x)?
-1
Let t(z) = -z + 5. Let h = -95 + 102. Give t(h).
-2
Let n(r) = -6*r**3 + r + 1. Suppose 6*j = 11*j - 10. Let t be (-1)/((j - 3)/(-1)). Give n(t).
6
Let o(n) = n**3 + 8*n - 3*n + 4*n**2 + 2*n**3 - 4*n**3 - 6. Suppose 2*x - 37 = -11. Let s = 18 - x. What is o(s)?
-6
Let t(d) be the first derivative of d**4/4 + d**3 - 3*d**2/2 + d + 4. Determine t(-3).
10
Let c(q) = 2*q + 6. Let x be c(-6). Let w(a) = a**2 + 6*a - 5. Let u be w(x). Let h(z) = -6*z - z**2 + 1031 + 0*z - 1035. Calculate h(u).
1
Let j = 4 + -1. Suppose 1 + 8 = j*f. Let s(h) = -2*h**2 + 3*h + 3. Calculate s(f).
-6
Let g(x) = -x - 1. Let t be g(3). Let s be -2 - (2 + t)*1. Let q(d) = -d**2 + d - 5. Give q(s).
-5
Let q(w) = 2*w**3 + 2*w**2 - 3*w - 3. Let g be q(-2). Let l be 1/4 + g/4. Let m(s) = -47 + 47 + s + 0*s. What is m(l)?
-1
Suppose -3*v + 12 = r - 5*r, 4*v + r = 16. Let j(o) = o**3 + 4*o**2 - 6*o + 1. Let x be j(-5). Let n(s) = 0*s - 4*s + x + s. Calculate n(v).
-6
Let a(j) = 7*j - 1. Let g be ((-2)/(-6))/((-2)/(-42)). Let k = g + -6. Determine a(k).
6
Suppose 0 = -2*g - 10. Let o(s) = -3 - s**2 - 2 - 5*s - 2*s. What is o(g)?
5
Let o(a) = 5*a**3 - 6*a - 10. Let w(d) = 6*d**3 - d**2 - 7*d - 11. Let h(t) = 5*o(t) - 4*w(t). Determine h(-4).
2
Suppose -2*s + s = -4. Let f = s - 1. Suppose f = 5*p - 4*p. Let v(w) = w**2 + 1. What is v(p)?
10
Let k(n) = -n**2 - n + 16. Suppose -4*a - 3*q + 103 = -8*q, -4*a + 3*q = -97. Let j be a/11 + -2 + 0. Calculate k(j).
16
Let k = 4 - 2. Suppose k + 6 = -3*z + 2*o, -4 = -o. Suppose -3*q + 0*q - 15 = z. Let j(l) = -l**3 - 6*l**2 - 4*l - 5. What is j(q)?
-10
Let q(j) be the first derivative of -j**3/2 + j**2 - 8*j + 5. Let t(p) be the first derivative of q(p). Give t(4).
-10
Suppose d = o, -4*o + 27 = 5*d - 9. Suppose -3*z + 17 = -q, 2*z - 4*q + o = 12. Let r(b) = -b**3 + 6*b**2 + 7. What is r(z)?
7
Let l(n) = -23*n + 1 + 24*n - 2 + 4. Give l(-4).
-1
Let h(t) be the third derivative of t**8/3360